e 3/d*-1*-10. Let c(v) = v**3 + 4*v**2 - 4*v - 1. Determine c(g).
-6
Let d be (-7 + 8)*(-2 + 7). Let p(w) = -w**3 + 5*w**2 - 2*w - 4. Determine p(d).
-14
Let z(c) = c**2 + 4*c - 5. Let u(p) = -6*p**3 + p**2. Let f be u(1). What is z(f)?
0
Suppose 5*i - 5*f = -40, f + 12 = i - 5*i. Let v = -5 - i. Let d(o) = 5*o**2 - o. Calculate d(v).
6
Let i(h) = -3*h**2 + 10*h - 15. Let w(g) = -4*g**2 + 11*g - 16. Let l(v) = -3*i(v) + 2*w(v). Give l(6).
1
Let j(o) = 3*o**3 - o**2 - 2*o - 3. Let v(p) = -13*p**3 + 3*p**2 + 8*p + 11. Let u(f) = -9*j(f) - 2*v(f). Suppose -5 = 5*b, -2*b = 3*m + 2 - 12. What is u(m)?
-3
Let t(h) = -h**2 - 5*h - 1. Let q(w) = -w**3 - 7*w**2 - 5*w + 8. Let f be q(-6). Suppose -2*c - 22 = -f*l, -2*l = 2*l - 20. What is t(c)?
-7
Let q = 35 + -14. Let w be q/(-4) + (-2)/(-8). Let k(b) be the third derivative of b**6/120 + b**5/10 + b**4/8 - 5*b**3/6 + b**2. Give k(w).
5
Let p = -14 - -14. Let o(d) be the second derivative of 1/6*d**3 - 2*d + 0 + 3*d**2. Determine o(p).
6
Let w(l) = l**3 + l**2 + 1. Let s(m) = -3*m**3 - m**2 + 2*m - 1. Let k(n) = -s(n) - 2*w(n). Suppose -5*r - 5 = -15. Suppose r*y = 4*y - 4. Determine k(y).
-1
Let f(h) = -2*h + 7. Let k(i) = 6*i**3 + 25*i**2 - 16*i - 5. Let y(j) = -j**3 - 5*j**2 + 3*j + 1. Let t(q) = 2*k(q) + 11*y(q). Let r be t(5). Determine f(r).
-5
Let t be (-2 - -3)*(-4)/(-2). Let u(d) = -3*d**2 + 3*d - 6*d + 5*d**t. Give u(3).
9
Let f(q) = -q**3 + q. Let l(z) = 5*z**3 + z**2 + 6*z + 1. Let b(w) = -5*f(w) + l(w). What is b(-1)?
-9
Let v(m) be the first derivative of -4*m + 5/2*m**2 - 5/3*m**3 + 1/4*m**4 + 1. Give v(3).
-7
Let j(z) = -z**2 + 6*z + 4. Let c be (-2)/9 + 60/27. Suppose 0*t - c*t = -10. What is j(t)?
9
Let r be (5/(-4))/(1/(-4)). Let h = r - 6. Let v(j) be the first derivative of -3*j**4/4 - j**3/3 + 1. Calculate v(h).
2
Let j(h) = 3*h**3 - 3*h**2 + 1. Let v(m) = -m**2 - 5*m + 16. Let s be v(-7). Determine j(s).
13
Let f(b) = b**3 - 3*b**2 + b + 4. Let u(w) = 18*w - 1. Let v be u(1). Suppose -4*p + 0*i + v = i, -5*i = 3*p - 34. Determine f(p).
7
Let c(w) = -w**2 - 1. Let l be (-66)/(-15) + 15/25. Suppose 10*a + 10 = l*a. What is c(a)?
-5
Suppose 2*c + 5 = c. Let s = 10 + c. Let w(g) = -g**2 + 4*g. Give w(s).
-5
Let s = -10 - -16. Let y(l) = 7*l - 7. Let b(d) = -d + 1. Let w(h) = s*b(h) + y(h). Determine w(4).
3
Let v be (64/48)/((-2)/9). Let b(j) = -9 + 2*j**2 + j**2 - 8*j - 4*j**2. Give b(v).
3
Let s(k) = -2*k**3 - 2*k**2 + 2*k. Suppose h + 14 = 3*h - 2*j, 0 = 5*j. Let w = h + -3. Suppose 7*g + 6 = w*g. Give s(g).
4
Let k(g) = g**3 - g**2 + 5. Let p be -2*2 + (-3 - -8). Let b be (-4 - -4)/(0 - p). Calculate k(b).
5
Let d(f) be the first derivative of -f**2 + 5*f**2 - 2*f**2 + 2*f**2 + f - 4. Give d(-1).
-7
Let z(w) = -w + 4. Let l(c) = 5*c - 21. Let u(j) = 2*l(j) + 11*z(j). Suppose 32 = -3*o - 4*g, 3*o - g + 0 = -7. Calculate u(o).
6
Let v(t) = 9*t**2 - 23*t + 1. Let i(x) = 5*x**2 - 12*x + 1. Let r(b) = 7*i(b) - 4*v(b). Determine r(6).
15
Let g(f) = f**3 - 4*f**2 - 3*f - 5. Let b be g(5). Let l(u) = u - b + 4 + 2. Determine l(-5).
-4
Let m = -3 - -4. Let q(h) = -h**2 - h. Let i(r) = -r**3 + 2*r**2 + 8*r - 7. Let x(j) = m*i(j) + 6*q(j). What is x(-5)?
8
Let u(f) = f**3 - 1 + 0*f - 2*f + 0*f**2 + 2*f**2 + 0*f**2. Let p(n) = n - 2. Let k be p(0). Give u(k).
3
Suppose -4*f - 10 = 2*g, -5*f + 6 - 14 = 4*g. Let m = -4 - f. Let j(d) = 4*d**3 + 2*d + 7 - 3*d**3 - 3*d - d**2. Give j(m).
7
Let t(o) = o - 6*o + 3*o**2 + o. Calculate t(3).
15
Let v(k) = 6. Let r(i) = i + 1. Let q(s) = -3*r(s) + v(s). What is q(3)?
-6
Let m(d) = 3*d**2 + 3*d + 3. Let q = -14 + 12. Calculate m(q).
9
Let p(g) = 2*g + 9. Suppose 0 = 3*i + 1 + 23. Let r be 186/(-26) + i/(-52). Let n be p(r). Let q(s) = s + 5. Calculate q(n).
0
Let n(v) = -12 + v**2 + 32 + 3*v - 2*v**2 - 14. Determine n(5).
-4
Let r(o) = -5*o**2 + o + 1. Let h(l) = -l + 6. Let z be h(10). Let a(w) = w**2 + w. Let j(s) = z*a(s) - r(s). Calculate j(4).
-5
Let a = -39 - -35. Let z(t) = -2*t**2 - 7*t - 4. Give z(a).
-8
Let j(v) = v**2 - 8*v + 9. Let h be (-6)/4 + 1/2. Let a = h + 2. Let d be 1 + a/1 - -4. Calculate j(d).
-3
Let r(n) = -5*n + 6 - n + 0*n**2 + 6*n**2 - n**3 + 5*n. What is r(6)?
0
Let o(i) = i**3 - 8*i**2 - 10*i + 9. Let c be o(9). Let u(w) = 4*w + c + 2 - 1 - 2*w. Determine u(-4).
-7
Let x be 13 + -9 + (0 - 0). Let t(y) = y**3 - 2*y**2 - 7*y + 5. Calculate t(x).
9
Let f(t) = t - 1. Let u(b) = -5*b - 1. Let v(q) = -4*f(q) - u(q). Determine v(-8).
-3
Let x(j) = -j**3 + 8*j**2 - j + 1. Let h(u) = -u**2 - u - 1. Let f(v) = v - 4. Let a be f(3). Let r(o) = a*x(o) - 2*h(o). Determine r(5).
-9
Let o(l) = l - 7. Let q(j) = 1. Let w(p) = -o(p) + q(p). Calculate w(-7).
15
Let w(m) = -m**3 + 5*m**2 - 1. Suppose 0*z = -z + 10. Suppose -3*h = -z - 5. What is w(h)?
-1
Suppose 2*p + 3*p = 15. Suppose -4*r + 11 = -3*r + p*d, -d = -3. Let b(s) be the second derivative of -2*s**3/3 + 3*s**2/2 + 2*s. Give b(r).
-5
Let w(v) = 2. Let b be (-9)/(-2) + (-1)/(-2). Suppose -u + 6*u = -b. Let y(s) = s**2 - s + 1. Let o(l) = u*w(l) - y(l). Give o(3).
-9
Let r(j) = j**2 - 5*j**3 - 3*j**2 + j**2 + 2. Let o(i) = 4*i**3 + 2*i**2 + i - 1. Let d(b) = 3*o(b) + 2*r(b). Calculate d(-2).
-5
Let p(b) = -4*b**2 - b**2 + 0*b**3 + b**3 - 4 + b + b. Let g = -4 - -9. What is p(g)?
6
Suppose -1 = -4*t + 2*l - 9, -t = -l + 1. Let g(f) be the third derivative of f**4/24 + f**3/3 + f**2. What is g(t)?
-1
Let i be -2*(-15)/6*2/5. Let n(y) = -2*y**3 + 2*y**2 - y. Calculate n(i).
-10
Suppose 4*b - 13 = -5. Suppose 2*z + b = -2. Let i = z + 1. Let x(n) = 13*n + 1. Determine x(i).
-12
Let o = 7 - 17. Let r = 5 + o. Let a(s) = 3*s + 5. Let d(v) = v + 2. Let y(i) = -2*a(i) + 7*d(i). Determine y(r).
-1
Let n(j) = -j**2 - 5*j + 5. Let x(v) = v**3 + 8*v**2 - 10*v - 14. Let t be x(-9). Calculate n(t).
5
Suppose -3*b + 0*b + 18 = 0. Suppose 3*w = b*w. Let p(u) be the second derivative of -u**3/6 + u**2/2 - u. Calculate p(w).
1
Let z(k) = 2*k**2 + 3*k + 2. Let n be z(-2). Let m(j) = -3*j + 5. Let b be m(n). Let d(r) = -r**3 - 8*r**2 - 9*r - 10. Determine d(b).
4
Let g(l) = -l**3 - 3*l**2 - 2*l - 4. Let y(s) = s**3 - 2*s**2 - 2*s + 1. Let j be y(2). What is g(j)?
2
Let l(s) = s**3 - 5*s**2 + 2*s + 4. Let g(k) = -k**2 - 10*k + 3. Let j be g(-10). What is l(j)?
-8
Let d(l) = 4*l**2 + 3*l - 4. Let g(v) = -2 + 2 + v**2 - 4 - v. Let r be g(4). Let o(q) = -11*q**2 - 8*q + 11. Let h(p) = r*d(p) + 3*o(p). Calculate h(-2).
-3
Let w(v) be the third derivative of -v**5/60 + v**4/6 + v**3/6 - 21*v**2. What is w(4)?
1
Suppose 0 = -0*d - 2*d. Let n(l) = 0*l + l + d*l. What is n(-2)?
-2
Let s(t) = t**2 + t - 6. Let l(h) = h**2 + h - 7. Let k(c) = 4*l(c) - 5*s(c). Determine k(-2).
0
Let z be -9 - (0 - 1/(-1)). Let d be 2/5 + 24/z. Let g(o) = 6*o**2 - 2*o**2 - 2*o**2. Calculate g(d).
8
Let i(r) = 2*r + 6. Let p be -4*(-1)/(2/(-3)). Determine i(p).
-6
Let d be (-2)/4*-2 + -4. Let j(q) = 3*q**2 + 17*q + 14. Let w(c) = 2*c**2 + 11*c + 9. Let u(o) = 5*j(o) - 8*w(o). What is u(d)?
-2
Let q(a) be the second derivative of 0*a**2 + 0*a**3 - 1/12*a**4 + a - 1/720*a**6 + 0*a**5 + 0. Let l(y) be the third derivative of q(y). Determine l(5).
-5
Let k(f) = -6*f + 1. Let u = -65 + 64. Calculate k(u).
7
Let q(s) be the third derivative of s**5/10 + s**4/24 - s**3/6 - 4*s**2. Let c be q(1). Let y be 3/c + (-7)/2. Let r(w) = -w**2 - 4*w - 2. What is r(y)?
1
Suppose 4*l = -3*t + l - 3, 5*t + 4*l = 0. Let k(b) = 3*b**2 + 4*b + 12. Let r(y) = -2*y**2 - 3*y - 11. Let d(u) = t*r(u) + 3*k(u). What is d(0)?
-8
Let q(c) be the first derivative of -c**3/3 + c**2 + 2*c - 3. Determine q(3).
-1
Let l(p) = 12*p + 1. Let x(h) = 23*h + 2. Let m(n) = 5*l(n) - 3*x(n). Let w(g) = g**2 - 4*g - 1. Let q be w(4). What is m(q)?
8
Let p(c) = -c**2 + 3*c + 5. Let t be (-1)/(-4) - 184/(-32). Give p(t).
-13
Let b(f) be the third derivative of -f**6/120 - f**5/15 + 5*f**4/24 + 2*f**2. Let u = 99 - 104. Calculate b(u).
0
Let q(y) = 36*y**3 + 6*y**2 - 11*y + 5. Let r(i) = -5*i**3 + 2*i - 2*i**3 + i**2 - 1 - 2*i**2. Let x(n) = 2*q(n) + 11*r(n). Determine x(1).
-5
Let d(b) = 2*b**3 + 14*b**2 + b + 11. Let s(l) = -3*l**3 - 21*l**2 - 2*l - 16. Let v(g) = -7*d(g) - 5*s(g). What is v(-6)?
21
Let a(x) = -x**3 + 3*x**2 - 4*x + 4. Let p be a(3). Let h = -3 - p. Let u b